 = 0. Calculate the highest common divisor of r and 26.
26
Suppose 2*y - 262 = 146. What is the greatest common factor of 240 and y?
12
Suppose 40*d + 752 = 44*d - 2*o, 4*o = -2*d + 386. Calculate the greatest common factor of d and 4977.
63
Suppose 74*f - 80895 - 44905 = 0. Calculate the greatest common factor of 60 and f.
20
Suppose 7*i + 1833 = 62. Let b = i + 277. Calculate the greatest common divisor of 480 and b.
24
Let g = 28 - 32. Let w be g + (-5)/(25/(-105)). Suppose -12*p - 1800 = -w*p. Calculate the greatest common factor of 40 and p.
40
Suppose -164 = -3*r - 179, 3*w - 1675 = 2*r. Suppose 78 - 18 = 2*m. What is the greatest common factor of w and m?
15
Suppose -10*s = -6*s + 11*s. Suppose 23*n - 82 - 838 = s. Let l be (-4)/(-6) + 138/9. What is the highest common divisor of n and l?
8
Let i be (-12)/(-30) + 2112/120. Let p = -64 - -112. Calculate the greatest common factor of p and i.
6
Suppose -21*k - 60 = -4*o - 18*k, k + 60 = 4*o. Let l be 2/(-3)*(-882)/28. What is the greatest common factor of o and l?
3
Suppose -17364 = -12*p - 6132. Suppose 12*v - p = -6*v. What is the greatest common factor of v and 416?
52
Let k be ((-861)/(-77) - 0) + 8/(-44). Let w(n) = 2*n + 4. Let u be w(2). Suppose 4*m + 4 = u. What is the greatest common divisor of k and m?
1
Let c be 93/341 - (-10680)/44. Calculate the highest common divisor of c and 9.
9
Let l = -45 - -54. Suppose 7*o = 6*o + l. Suppose -3*c + 72 = c. What is the highest common divisor of c and o?
9
Let v = -26549 + 26643. Calculate the greatest common factor of 33182 and v.
94
Let q(x) = -4*x - 6. Let v be q(-6). Let a = -748 - -750. Calculate the greatest common factor of a and v.
2
Suppose n = 3*y + 262, 6*n = -3*y + 4*n - 277. Let g be y/(-7) - ((-450)/105 + 4). Let a be 52/1 + (-1 - -1). What is the greatest common divisor of g and a?
13
Let a(k) = -14*k**2 - 11*k + 2. Let w(c) = -c**3 - c - 1. Let n(u) = a(u) + 2*w(u). Let m be n(-7). What is the greatest common divisor of 13 and m?
13
Suppose -4*o + 2*f + 140 = 0, 2*o - 2*f = -0*f + 68. Let q(z) = 397*z + 1251. Let j be q(-3). Calculate the greatest common divisor of j and o.
12
Let p be 142 - (8/16)/((-4)/16). What is the greatest common factor of p and 522?
18
Suppose 0 = -5*u + 4*t + 10, 0 = 5*u - 5*t + 2 - 7. Let l(b) = 5*b + 28. Let p be l(u). What is the highest common divisor of p and 2?
2
Let n = 9588 - -13044. Calculate the highest common factor of n and 164.
164
Suppose 5*z + 5*q - 2795 = 0, -5*z - 3*q + 2787 = -6*q. Calculate the greatest common factor of 31 and z.
31
Let d(o) = 2*o**2 - o - 1. Let b(g) = -3*g**2 - 27*g - 14. Let r(x) = b(x) + 2*d(x). Let l be r(30). Calculate the highest common divisor of l and 28.
14
Suppose 86*w + 81000 = 186*w. Let z = -23 - -33. What is the highest common factor of w and z?
10
Let x be 6 + -6 + 48 + -3. Calculate the highest common factor of 20 and x.
5
Let l be 3/7 - 288/(-14). Suppose -r - 129 = 2*g, -4*g = 2*r - 4*r - 274. Let x = r + 154. Calculate the greatest common factor of l and x.
21
Let y be 181766/78 - (8/6 + -2). What is the highest common divisor of 189 and y?
63
Suppose 4 = 4*s, -5*c + 5*s - 1341 + 5986 = 0. Let b = -920 + c. Let x be 10/(-6)*(-23 + -1). Calculate the highest common divisor of x and b.
10
Let c(k) be the second derivative of -k**5/20 - k**4/2 - 5*k**3/6 - 9*k**2 + 109*k. Let n be c(-6). What is the greatest common divisor of n and 228?
12
Suppose -25*g + 1 = 3*k - 23*g, -5*k + 1 = 3*g. Let h be 5840/32 - k/(4/6). What is the highest common divisor of 8 and h?
8
Let j(k) = 17*k + 403. Let i be j(-19). Calculate the highest common factor of 224 and i.
16
Suppose -8 = -11*j - 30. Let p be j/((2/(-9))/(11 + -8)). Calculate the greatest common divisor of p and 18.
9
Suppose 18 - 298 = -20*i. Let r be 334/6 - (-1)/3. Let g be r/(-98) + 190/i. Calculate the greatest common factor of 13 and g.
13
Let k = 2307 - 1827. What is the highest common factor of k and 5088?
96
Let k = -2472 - -3040. Calculate the highest common divisor of 923 and k.
71
Let q be 8 + -1 + (-3)/1. Suppose h - 4*y = -2*h + 27, h = q*y + 9. Calculate the highest common factor of 99 and h.
9
Suppose -140*c = 5*w - 143*c - 62412, 2*w - 24948 = 4*c. Calculate the highest common factor of w and 6.
6
Suppose -2*d - 4*r + 698 = 0, -2*r + 5*r - 1731 = -5*d. Calculate the highest common divisor of d and 60.
15
Let s(t) = -t**3 - 15*t**2 + 6*t - 28. Let a be s(-16). Let v = 139 - a. Calculate the greatest common factor of v and 28.
7
Let j(r) = -r**2 + r + 20. Let o be j(-5). Let t be (-2)/o*(-3 + 6 + 2). Let n be (-1 + -1)*(-28)/8. Calculate the highest common factor of n and t.
1
Suppose 0 = 7*f + f - 16440. What is the greatest common factor of f and 240?
15
Let d = 87873 - 87852. Suppose -3*j - 28 = -4*j. Calculate the greatest common factor of d and j.
7
Suppose 0 = 8*g - 171 - 861. Suppose -6*f + g + 15 = 0. Calculate the greatest common factor of f and 40.
8
Suppose -16*t + 62*t - 782 = 0. Let c(w) = 15*w - 235. Let b be c(t). Calculate the greatest common factor of 160 and b.
20
Suppose 2*v = 4*f - 0*v - 194, 239 = 5*f + v. Let r(p) = -13*p + 448. Let k be r(34). What is the highest common factor of f and k?
6
Suppose -4*b = 5*z - 71, 2*b + 14 = 3*b + 5*z. Suppose -13*v - 94 + 120 = 0. What is the greatest common divisor of v and b?
1
Suppose -5*j - 25 = -5*z, 2*j - j - 11 = -z. Let y be (-9)/6*z/(-3). Let d(r) = 14*r - 8. Let c be d(y). What is the highest common divisor of c and 16?
16
Let n(f) = -f**3 - f**2 - 2*f + 200. Let l be n(0). Let j = -553 - -578. What is the highest common divisor of l and j?
25
Let x(g) = 16*g**2 + 17*g**2 - 24*g + 28*g. Let u be x(-1). What is the highest common divisor of u and 261?
29
Let g(i) = -i**3 - 16*i**2 - 2*i - 29. Let v = 8 - 5. Let a be (-5 + -1)*8/v. Let o be g(a). What is the highest common factor of 6 and o?
3
Let v be 5698 - (60/44 - 1)*275/25. What is the highest common divisor of v and 234?
78
Let n = -35501 - -35505. What is the highest common divisor of 57 and n?
1
Let k = 90 - -97. Let z = -159 + 193. Calculate the highest common factor of z and k.
17
Suppose 3*r + 4*v - 833 = 0, -13*v - 1367 = -5*r - 9*v. Calculate the highest common divisor of 1025 and r.
25
Let p = 391 + -274. Suppose -105 = -17*b + 48. What is the highest common divisor of p and b?
9
Suppose -v + 2*u + 66 + 187 = 0, 0 = 2*v + 2*u - 530. Calculate the highest common factor of v and 162.
9
Let l = 3374 - 3349. What is the highest common factor of 1850 and l?
25
Suppose -11*r = -18*r. Suppose -5*n - b = 2, r*n + b + 2 = 3*n. Suppose n = -11*g + 10*g + 12. What is the greatest common factor of 108 and g?
12
Suppose -3*v + 0 = -396. Suppose 67 + 37 = -2*c. Let r = c + v. What is the greatest common divisor of 16 and r?
16
Suppose 21*q - 1012 = -57*q + 3434. Calculate the highest common factor of 4047 and q.
57
Let b(q) = q + 10. Let f be 6/18 - 14/(-3). Let y be f/(-2) - ((-9)/(-2) + -4). Let r be b(y). What is the greatest common factor of 49 and r?
7
Let d be ((-7)/((-21)/19872))/(81/(-1080)*-20). Calculate the greatest common factor of d and 768.
192
Let u be 2 - 10 - 352/3*13068/(-72). What is the greatest common divisor of 24 and u?
24
Suppose 11064 = 31*p + 10568. Let l = 505 + -273. What is the highest common factor of l and p?
8
Let o = -2560 - -2707. Calculate the greatest common divisor of o and 175.
7
Let u = -1142 - -2935. What is the highest common divisor of u and 1467?
163
Let z = 47 - -179. Let q = z + -224. Calculate the highest common factor of q and 16.
2
Let o = 287 - 285. Suppose 3*j - 7*j - o*r + 80 = 0, -5*r = 0. What is the greatest common factor of j and 160?
20
Let k = 5312 - 5164. What is the greatest common factor of 2442 and k?
74
Let a(l) = -11*l + 4. Let x be a(2). Let o be 10/(-3) - 6/x. Let v be o*(5/(-3))/5. Calculate the greatest common factor of v and 2.
1
Suppose -455892 = 314*u - 2578218. What is the greatest common divisor of 18 and u?
9
Let m be (-49)/(-3) - 6/18. Let k be ((-544)/(-12))/(3/14*(-133)/(-171)). What is the highest common divisor of k and m?
16
Let o = 12 + -6. Suppose 264*a = 258*a. Let p be (-4 + 77 - 7) + a. Calculate the greatest common factor of p and o.
6
Let v be (74/12)/(536/3216). What is the highes